-3 - 1)*(-5 + (-2363)/34). Suppose -15 = -4*c - c. Suppose u = c*g + 5*a - 60, 3*a = -3*g + 201. What is the highest common divisor of 21 and g?
21
Suppose 0 = 42*w - 47175 - 10365. Calculate the highest common divisor of 10 and w.
10
Suppose 25*v - 44*v + 1050 = -4*v. Let b = -33 + 18. Let c be 138/5 - 6/b. What is the greatest common factor of v and c?
14
Let c be ((-12)/10)/((1386/(-27160))/33). Calculate the highest common divisor of c and 16.
8
Suppose 0 = -3*i + 199*f - 202*f + 300, -3*f = -5*i + 508. What is the highest common divisor of i and 10201?
101
Suppose 0 = -7*k - 458 + 372 + 1577. Suppose -52 = -a + 19. What is the greatest common divisor of k and a?
71
Let b = -3869 - -3950. Calculate the highest common divisor of b and 5886.
27
Let y(z) = -z**3 + 29*z**2 + 82*z - 142. Let r be y(27). What is the highest common factor of 10 and r?
10
Let r = 124 + -88. Suppose -k - 8 + r = 0. What is the greatest common divisor of 12 and k?
4
Let z = 125 + -63. Let v = z - 50. Let f = 44 + v. Calculate the highest common factor of f and 84.
28
Suppose -d = 3*c - 131, 9*c - 13*c + 184 = -d. Calculate the highest common factor of c and 432.
9
Let q(z) = -2. Let d(u) = 23*u - 135. Let b(c) = -d(c) - 6*q(c). Let f be b(-16). What is the greatest common factor of f and 5?
5
Suppose 3*a = -2*a - 25. Let x be (60/a + 0)/(-2). Let d be (18/24)/(x/16). What is the highest common divisor of 6 and d?
2
Let h be (6 + -1)/((-16)/(-624)). Let j = -140 + h. Calculate the highest common divisor of 10 and j.
5
Let s be (11 - (-3 - 0)) + -2. Let c(w) = -7*w - 16. Let a be c(-6). Let h = -22 + a. Calculate the greatest common factor of h and s.
4
Suppose 3*n + 4*x = 145, 0*x + 2*x - 149 = -3*n. Let a = 93 - n. Suppose 2*d - 28 = d. Calculate the highest common factor of a and d.
14
Let b(z) = z + 43. Let u be b(-14). Suppose -17*a + 12*a = -12*a + 812. What is the greatest common divisor of a and u?
29
Let w = 25674 - 25662. What is the greatest common divisor of 57108 and w?
12
Let v = -129 - -83. Suppose -6*j - 538 + 154 = 0. Let p = v - j. What is the highest common divisor of 108 and p?
18
Suppose -8*k + 460 = -3*k. Suppose -8 = 2*r - 6*r. Suppose 3*q - 69 = -r*h, -3*q + 2*h - 3*h = -69. Calculate the greatest common factor of k and q.
23
Let a be 7 - 4 - 12/(-4). Let s(l) = 3 + 3*l + 9 + a*l**2 - 10 - 5*l**2. Let j be s(-7). What is the greatest common factor of j and 75?
15
Let x(o) = 20*o**3 - 3*o**2 - 3*o - 2. Let t be x(-3). Let h be (-4)/(-6) + t/(-36)*15. Let z be (-2 - -5)*h/27. What is the highest common factor of 65 and z?
13
Let g be (-12*20/8)/((-12)/522). Suppose -8*b = 7*b - g. What is the greatest common divisor of 3 and b?
3
Let b(c) = -c**3 + 5*c**2 + 2*c + 13. Let u be b(6). Let h = 14 + u. Let o be 3 - (-6 - (-16)/4). What is the greatest common factor of h and o?
1
Let r = -310 + 586. Suppose y + 5*s = 9*s + r, -3*y = -s - 839. Calculate the greatest common divisor of 35 and y.
35
Suppose 3*z - 5*q - 150 = -80, 2*q = -5*z + 127. Let b be 2/((4/175)/2). What is the greatest common factor of z and b?
25
Suppose -3*u + 2408 = 5*s, 3*u + 869 = 2*s - 69. What is the greatest common divisor of s and 4?
2
Let p be (-2)/7 + -3 + 37/7. Suppose 10 = 4*o - p. Let k = -4 + 5. What is the greatest common divisor of o and k?
1
Suppose -45 = t - 4*t. Suppose -2*p + 87*y + 574 = 83*y, -p = 3*y - 282. What is the highest common factor of p and t?
15
Let v = -37 + 64. Suppose 0 = y + 4*w - 667, y + 103 = -2*w + 774. What is the highest common factor of y and v?
27
Let x = -92 - -377. Suppose 1 = 8*b - 119. What is the highest common factor of x and b?
15
Suppose -5*t + 351 = -2*t. Suppose -4*l = 59 + t. Let k be l/(-3) + 12/9. What is the highest common divisor of k and 12?
4
Let x(r) = 3*r + 1. Let n be x(3). Let f = n - -4. Suppose -2*k + 5*h = -262, -3*k - h - 2*h + 372 = 0. What is the greatest common factor of k and f?
14
Let r = -283 - -608. Calculate the highest common divisor of 55 and r.
5
Let q be (-14 - -13)/((-2)/(-746)). Let f = q + 386. Calculate the highest common factor of f and 325.
13
Suppose -504 = -4*o - 124. Suppose 26*r - 1449 = 397. Let a = o - r. Calculate the greatest common divisor of 8 and a.
8
Let y = -788 - -802. What is the highest common factor of y and 3122?
14
Let r = 22562 + -22372. What is the greatest common divisor of 35 and r?
5
Suppose 601*d - 603*d = 2*v + 2, -4*d = -4*v + 100. Let w = -3 + -1. Let f be 1 - 1 - (w - 152). Calculate the greatest common divisor of f and v.
12
Suppose 11339 = 44*c - 2037. What is the highest common factor of c and 256?
16
Suppose 16*w + 18199 = 18743. Calculate the highest common divisor of w and 9758.
34
Suppose -215 = -5*z - 3*h, -z + 72 - 22 = 2*h. Let l be 32/z + (-2 - 138/(-15)). Calculate the highest common factor of 64 and l.
8
Let n be 4/12 - 5/(-3). Let i = 2 - -3. Suppose -13 = -5*s - 4*t - n, -i*t + 7 = 4*s. What is the highest common factor of s and 33?
3
Let k be 4/5 - -2*(-213)/(-30). Let g(x) = x**2 - 3*x - 16. Let z be g(-7). Let r = -24 + z. Calculate the greatest common divisor of r and k.
15
Suppose 1855 = 4*g - 5*w - 249, 3*w = -24. Calculate the highest common divisor of g and 5504.
172
Let n(d) = 121*d - 38. Let y(k) = -124*k + 37. Let b(o) = 5*n(o) + 4*y(o). Let r be b(2). What is the highest common divisor of r and 48?
16
Let g = 1069 + -683. Suppose -g = -x - x - 4*q, 5*x = 5*q + 1040. Calculate the greatest common divisor of 29 and x.
29
Let t(w) = w**2 - 23*w - 238. Let q be t(31). Let l be (1 - -1) + -10 + -2. Let z = -8 - l. What is the highest common factor of z and q?
2
Let z(d) = d**2 + 410*d + 2439. Let t be z(-6). Suppose 2*s + 2*b - 98 = 0, -3*s + 0*b = -2*b - 127. Calculate the greatest common factor of t and s.
15
Let k be 3/(6/16) + 258/86. Let f be (6 - k)*(-940)/25. What is the greatest common factor of 47 and f?
47
Let o(s) = 360*s - 88. Let d be o(1). Calculate the highest common factor of d and 24.
8
Suppose -531 + 391 = -35*u. Calculate the greatest common divisor of u and 1672.
4
Let v be 6*1/2 + 77. Let g = 10785 + -10465. Calculate the greatest common factor of g and v.
80
Let b be (-50*5/30)/((-2)/12). Suppose -19 = -4*j + 81. What is the greatest common factor of j and b?
25
Let m(f) = f**2 + 15*f - 45. Let k be m(-17). Let t(y) = -y**3 - 12*y**2 - 12*y + 44. Let r be t(k). Calculate the highest common divisor of 77 and r.
11
Let n = -216 + 976. Calculate the highest common divisor of n and 40.
40
Suppose 0 = -53*i + 52*i + 14. What is the highest common divisor of i and 455?
7
Let a = 27 - -78. Let i = 36 - -6. Calculate the greatest common factor of i and a.
21
Let p be (-1624)/30 - ((-96)/45 + 2). Let s be 20/24 - 5355/p. What is the greatest common divisor of s and 25?
25
Let o = 1750 - -912. Calculate the highest common factor of 22 and o.
22
Let y be 15/(3 - 5/(40/12)). Suppose -y*b + 11 + 49 = 0. Suppose b*q = 5*q + 10. Calculate the greatest common divisor of q and 20.
10
Let d be (-12)/8 - 2*187/(-44). Suppose -w - 4*u - 5 = 0, -u - 2*u - 37 = -4*w. Calculate the greatest common divisor of w and d.
7
Let n(k) = -2*k**2 - 41*k - 133. Let o be n(-14). Calculate the highest common factor of o and 2989.
49
Let a be (3*6)/((-4)/(-52) + 0). Let l = a + -200. What is the highest common factor of l and 102?
34
Suppose 12*m - 785 = -5*k + 17*m, k = 4*m + 160. Let n(g) = -3*g**2 + 30*g + 12. Let f be n(10). Calculate the highest common divisor of f and k.
12
Suppose 4*z = -87 + 127. Suppose -4*f - s + 7 = -2, 2*s = z. Calculate the greatest common factor of f and 11.
1
Suppose 0 - 88 = -2*j. Let c = j + -39. Suppose 5*t = 3*h - 30, 3*h - c*t - 20 = 2*h. Calculate the greatest common factor of 40 and h.
5
Suppose 0 = 3*t - 6, 3*m - 2*m - 334 = 4*t. Suppose 5*n + 37 = m. Calculate the highest common factor of 183 and n.
61
Suppose 15 = -3*p, -5*r + 141 = -5*p + 36. Let u = 3 + 0. What is the greatest common factor of r and u?
1
Suppose 9*w - 6*w - 4304 = 4*y, w + 5*y = 1460. What is the greatest common factor of 640 and w?
160
Let y(o) = -8*o**2 - 93*o - 117. Let m be y(-9). Suppose 2*r - 7*r = -3240. What is the greatest common divisor of m and r?
72
Suppose -2*a - 1752 = 5*b - 8301, -5*b - 6559 = -2*a. Calculate the highest common di